 base 8?
-1
3003 (base 4) to base 13
120
14 (base 14) to base 15
13
What is 2 (base 5) in base 7?
2
-3 (base 6) to base 13
-3
What is 3 (base 13) in base 6?
3
What is -6 (base 12) in base 14?
-6
Convert 1101111 (base 2) to base 6.
303
Convert 5 (base 8) to base 7.
5
-185 (base 10) to base 14
-d3
5 (base 11) to base 2
101
-442 (base 8) to base 3
-101202
11 (base 5) to base 9
6
-31 (base 10) to base 4
-133
Convert 0 (base 15) to base 16.
0
Convert -101 (base 3) to base 10.
-10
What is -15 (base 11) in base 3?
-121
11111010 (base 2) to base 14
13c
What is -2 (base 6) in base 12?
-2
Convert -3 (base 9) to base 6.
-3
What is 2 (base 10) in base 6?
2
What is -2 (base 3) in base 12?
-2
What is 6 (base 16) in base 2?
110
What is 7 (base 16) in base 10?
7
Convert 4 (base 8) to base 11.
4
201 (base 4) to base 15
23
3 (base 7) to base 15
3
What is 3 (base 12) in base 14?
3
Convert 0 (base 8) to base 5.
0
What is 6 (base 16) in base 13?
6
What is 3 (base 9) in base 3?
10
12 (base 11) to base 14
d
-5 (base 7) to base 14
-5
Convert 103 (base 14) to base 15.
d4
Convert 1 (base 4) to base 10.
1
Convert 11 (base 3) to base 14.
4
Convert -64 (base 7) to base 4.
-232
Convert 2b (base 15) to base 14.
2d
Convert 6 (base 14) to base 8.
6
-36 (base 13) to base 8
-55
What is -3 (base 14) in base 8?
-3
-51 (base 7) to base 3
-1100
What is -100100 (base 2) in base 13?
-2a
8 (base 12) to base 9
8
Convert -1 (base 10) to base 14.
-1
What is -2c (base 13) in base 5?
-123
What is -125 (base 14) in base 9?
-274
Convert -1 (base 11) to base 5.
-1
What is -3 (base 14) in base 12?
-3
-11 (base 7) to base 3
-22
What is -1ad (base 14) in base 4?
-11131
Convert 10 (base 3) to base 16.
3
-77 (base 12) to base 15
-61
Convert 4 (base 12) to base 10.
4
What is -7 (base 16) in base 8?
-7
1a (base 11) to base 12
19
What is -20 (base 4) in base 7?
-11
What is -3132 (base 4) in base 16?
-de
What is -100 (base 4) in base 13?
-13
Convert -11 (base 7) to base 13.
-8
What is -3 (base 5) in base 7?
-3
What is 7 (base 12) in base 4?
13
54 (base 9) to base 13
3a
Convert -3a (base 12) to base 2.
-101110
What is 23 (base 5) in base 4?
31
What is -43 (base 8) in base 13?
-29
114 (base 5) to base 12
2a
1020 (base 5) to base 4
2013
What is 18 (base 10) in base 12?
16
3 (base 11) to base 12
3
Convert 5 (base 10) to base 3.
12
What is 32 (base 5) in base 8?
21
Convert -105 (base 6) to base 13.
-32
What is -40 (base 7) in base 4?
-130
What is -301 (base 4) in base 5?
-144
Convert 5 (base 14) to base 13.
5
Convert 10222 (base 4) to base 5.
2143
112 (base 5) to base 12
28
What is -4 (base 8) in base 13?
-4
What is 321 (base 4) in base 9?
63
Convert 1 (base 7) to base 2.
1
Convert -27 (base 11) to base 5.
-104
What is 6 (base 8) in base 11?
6
-132 (base 8) to base 12
-76
9 (base 10) to base 8
11
Convert 2 (base 13) to base 3.
2
Convert -11010 (base 2) to base 3.
-222
What is 202 (base 4) in base 14?
26
Convert 200 (base 12) to base 8.
440
What is 5 (base 16) in base 8?
5
What is -35 (base 11) in base 6?
-102
Convert -32 (base 7) to base 13.
-1a
Convert 22 (base 11) to base 3.
220
What is -31 (base 5) in base 10?
-16
What is 23 (base 15) in base 6?
53
-15 (base 9) to base 8
-16
-2 (base 13) to base 3
-2
What is -68 (base 15) in base 16?
-62
What is 3 (base 12) in base 10?
3
-46 (base 14) to base 8
-76
3013 (base 4) to base 10
199
What is 49 (base 11) in base 12?
45
Convert -135 (base 9) to base 6.
-305
Convert 50 (base 9) to base 4.
231
Convert -c (base 16) to base 13.
-c
What is -10 (base 2) in base 8?
-2
What is -5 (base 12) in base 11?
-5
11001 (base 2) to base 12
21
Convert 10000 (base 2) to base 7.
22
2 (base 4) to base 2
10
-202 (base 5) to base 4
-310
Convert -3322 (base 4) to base 14.
-13c
100001 (base 2) to base 14
25
-25 (base 13) to base 10
-31
What is 1 (base 4) in base 12?
1
What is 1 (base 15) in base 13?
1
31 (base 6) to base 11
18
What is 61 (base 7) in base 8?
53
-14 (base 9) to base 12
-11
Convert 1110 (base 5) to base 16.
9b
What is 2 (base 12) in base 15?
2
What is -2 (base 8) in base 2?
-10
-18 (base 9) to base 10
-17
Convert 2b (base 13) to base 5.
122
Convert 5 (base 12) to base 13.
5
-59 (base 10) to base 11
-54
Convert 54 (base 10) to base 13.
42
-2 (base 4) to base 11
-2
What is -6b (base 14) in base 3?
-10112
-30 (base 15) to base 5
-140
31 (base 5) to base 13
13
Convert -214 (base 9) to base 13.
-106
What is -144 (base 7) in base 16?
-51
Convert -45 (base 6) to base 8.
-35
Convert 28 (base 10) to base 9.
31
Convert -11 (base 3) to base 16.
-4
52 (base 12) to base 2
111110
What is 20 (base 4) in base 5?
13
What is -40 (base 11) in base 8?
-54
-3300 (base 4) to base 6
-1040
-34 (base 6) to base 15
-17
11020 (base 3) to base 7
222
What is 8 (base 9) in base 15?
8
Convert -6 (base 8) to base 16.
-6
Convert 169 (base 12) to base 15.
100
What is 1131 (base 4) in base 14?
69
Convert 12 (base 10) to base 5.
22
23 (base 14) to base 3
1011
What is 10110 (base 2) in base 7?
31
What is -1 (base 5) in base 3?
-1
Convert a (base 13) to base 4.
22
What is -7 (base 10) in base 12?
-7
Convert 13 (base 12) to base 8.
17
2 (base 11) to base 5
2
What is 2 (base 11) in base 8?
2
Convert 22 (base 3) to base 11.
8
-330 (base 4) to base 14
-44
What is -4 (base 15) in base 12?
-4
What is 14 (base 7) in base 4?
23
What is -4 (base 12) in base 10?
-4
Convert 11000 (base 2) to base 9.
26
What is -194 (base 15) in base 14?
-1c0
Convert -4e (base 15) to base 16.
-4a
What is -8 (base 11) in base 3?
-22
Convert -224 (base 6) to base 7.
-154
Convert 1021 (base 3) to base 6.
54
100 (base 2) to base 7
4
-15 (base 13) to base 9
-20
Convert 2 (base 8) to base 5.
2
What is 9 (base 16) in base 13?
9
-234 (base 5) to base 13
-54
Convert -79 (base 13) to base 12.
-84
What is 10100011 (base 2) in base 14?
b9
60 (base 12) to base 11
66
What is 1101 (base 2) in base 12?
11
What is -122 (base 7) in base 9?
-72
Convert 51 (base 9) to base 8.
56
19 (base 16) to base 13
1c
-10 (base 14) to base 9
-15
-121 (base 4) to base 15
-1a
Convert 2 (base 15) to base 2.
10
What is -120 (base 3) in base 2?
-1111
What is 11 (base 15) in base 4?
100
10 (base 3) to base 8
3
What is -1 (base 13) in base 9?
-1
Convert 3 (base 4) to base 2.
11
What is 18 (base 10) in base 5?
33
Convert -1 (base 10) to base 8.
-1
Convert 3 (base 5) to base 8.
3
Convert -a (base 13) to base 2.
-1010
-b (base 15) to base 3
-102
Convert 111 (base 2) to base 14.
7
Convert -2 (base 8) to base 5.
-2
114 (base 11) to base 5
1021
What is 3 (base 5) in base 13?
3
2 (base 5) to base 14
2
What is -3 (base 11) in base 2?
-11
Convert 6 (base 10) to base 5.
11
Convert -316 (base 7) to base 14.
-b6
Convert -4 (base 10) to base 15.
-4
Convert b4 (base 13) to base 2.
10010011
Convert -4 (base 6) to base 8.
-4
Convert 170 (base 8) to base 11.
aa
250 (base 10) to base 7
505
7 (base 14) to base 10
7
-2300 (base 4) to base 11
-150
Convert -143 (base 5) to base 12.
-40
-1 (base 10) to base 15
-1
Convert -244 (base 10) to base 4.
-3310
What is 4 (base 14) in base 4?
10
What is d4 (base 16) in base 2?
11010100
Convert -12 (base 15) to base 13.
-14
Convert 3 (base 7) to base 16.
3
-11 (base 2) to base 16
-3
3 (base 13) to base 9
3
What is -260 (base 8) in base 15?
-bb
What is 10111110 (base 2) in base 14?
d8
What is -100 (base 2) in base 14?
-4
What is -30 (base 7) in base 14?
-17
Convert 1 (base 6) to base 14.
1
-1 (base 5) to base 13
-1
Convert -7b (base 14) to base 11.
-9a
Convert 39 (base 13) to base 4.
300
1b (base 12) to base 14
19
What is 24 (base 11) in base 13?
20
What is 6 (base 10) in base 9?
6
-18 (base 10) to base 5
-33
-11000 (base 2) to base 12
-20
Convert -411 (base 6) to base 12.
-107
What is 54 (base 9) in base 2?
110001
Convert -5c (base 13) to base 14.
-57
What is -137 (base 8) in base 16?
-5f
What is -42 (base 7) in base 6?
-50
Convert 70 (base 11) to base 16.
4d
What is -7 (base 14) in base 4?
-13
Convert -8 (base 10) to base 3.
-22
-100001 (base 2) to base 3
-1020
What is 132 (base 12) in base 7?
350
Convert -11200 (base 3) to base 8.
-176
-1212 (base 3) to base 15
-35
-c (base 13) to base 14
-c
Convert -5 (base 12) to base 2.
-101
What is 1102 (base 3) in base 11?
35
Convert -1 (base 12) to base 10.
-1
21 (base 3) to base 9
7
Convert 23 (base 4) to base 6.
